{"id":436,"date":"2013-01-07T12:38:52","date_gmt":"2013-01-07T15:38:52","guid":{"rendered":"http:\/\/www.oxynet.com.br\/site\/?page_id=436"},"modified":"2013-06-10T14:14:25","modified_gmt":"2013-06-10T17:14:25","slug":"configuracao-do-microsoft-outlook-2007-pop3smtp","status":"publish","type":"page","link":"https:\/\/www.oxynet.com.br\/site\/suporte\/perguntas-frequentes-f-a-q\/configuracao-do-microsoft-outlook-2007-pop3smtp\/","title":{"rendered":"Configura\u00e7\u00e3o do Microsoft Outlook 2007 (POP3\/SMTP)"},"content":{"rendered":"<div class=\"sb \">\n<div class=\"box_title\">Informa\u00e7\u00e3o<\/div>\n<div class=\"box_content\">Sempre que for solicitado o endere\u00e7o de e-mail (ou, em alguns casos, o login da conta) na configura\u00e7\u00e3o de programas de e-mail, utilize o endere\u00e7o completo (Exemplo: nome@seudominio.com.br). <\/p>\n<div class=\"clear\"><\/div>\n<\/p><\/div>\n<\/p><\/div>\n<p><img src=\"https:\/\/www.oxynet.com.br\/site\/wp-content\/themes\/oxynet\/images\/icons\/icon_check2.png\" class=\"check_icon\" \/> Clique em Ferramentas, depois em Configura\u00e7\u00f5es de Conta.<\/p>\n<p><img decoding=\"async\" src=\"http:\/\/www.oxynet.com.br\/site\/wp-content\/uploads\/2013\/01\/pop3_mo2007_1.png\"\/><\/p>\n<p><img src=\"https:\/\/www.oxynet.com.br\/site\/wp-content\/themes\/oxynet\/images\/icons\/icon_check2.png\" class=\"check_icon\" \/> Na guia Email, clique no bot\u00e3o Novo.<\/p>\n<p><img decoding=\"async\" src=\"http:\/\/www.oxynet.com.br\/site\/wp-content\/uploads\/2013\/01\/pop3_mo2007_2.png\"\/><\/p>\n<p><img src=\"https:\/\/www.oxynet.com.br\/site\/wp-content\/themes\/oxynet\/images\/icons\/icon_check2.png\" class=\"check_icon\" \/> Marque a op\u00e7\u00e3o Definir manualmente as configura\u00e7\u00f5es do servidor ou tipos de servidor adicionais e clique no bot\u00e3o Avan\u00e7ar.<\/p>\n<p><img decoding=\"async\" src=\"http:\/\/www.oxynet.com.br\/site\/wp-content\/uploads\/2013\/01\/pop3_mo2007_3.png\"\/><\/p>\n<p><img src=\"https:\/\/www.oxynet.com.br\/site\/wp-content\/themes\/oxynet\/images\/icons\/icon_check2.png\" class=\"check_icon\" \/> Selecione a op\u00e7\u00e3o Email da Internet e clique no bot\u00e3o Avan\u00e7ar.<\/p>\n<p><img decoding=\"async\" src=\"http:\/\/www.oxynet.com.br\/site\/wp-content\/uploads\/2013\/01\/pop3_mo2007_4.png\"\/><\/p>\n<p><img src=\"https:\/\/www.oxynet.com.br\/site\/wp-content\/themes\/oxynet\/images\/icons\/icon_check2.png\" class=\"check_icon\" \/> Preencha os campos:<\/p>\n<p>    Nome: digite o seu nome.<br \/>\n    Endere\u00e7o de e-mail: seu e-mail completo.<br \/>\n    Tipo de conta: selecione POP3.<br \/>\n    Servidor de entrada de emails: digite pop.seudom\u00ednio.<br \/>\n    Servidor de sa\u00edda de emails (SMTP): digite smtp.seudom\u00ednio.<br \/>\n    Nome de usu\u00e1rio: digite seu e-mail completo.<br \/>\n    Senha: a senha do e-mail.<br \/>\n    Depois, clique no bot\u00e3o Mais configura\u00e7\u00f5es. <\/p>\n<p><img decoding=\"async\" src=\"http:\/\/www.oxynet.com.br\/site\/wp-content\/uploads\/2013\/01\/pop3_mo2007_5.png\"\/><\/p>\n<p><img src=\"https:\/\/www.oxynet.com.br\/site\/wp-content\/themes\/oxynet\/images\/icons\/icon_check2.png\" class=\"check_icon\" \/> Clique na guia Servidor de sa\u00edda e habilite a op\u00e7\u00e3o Meu servidor de sa\u00edda (SMTP) requer autentica\u00e7\u00e3o e Usar mesmas config. do servidor de email de entrada.<\/p>\n<p><img decoding=\"async\" src=\"http:\/\/www.oxynet.com.br\/site\/wp-content\/uploads\/2013\/01\/pop3_mo2007_6.png\"\/><\/p>\n<p><img src=\"https:\/\/www.oxynet.com.br\/site\/wp-content\/themes\/oxynet\/images\/icons\/icon_check2.png\" class=\"check_icon\" \/> Clique na guia Avan\u00e7ado e altere a porta do Servidor de sa\u00edda (SMTP) para 587 e, em seguida, clique em OK.<\/p>\n<p><img decoding=\"async\" src=\"http:\/\/www.oxynet.com.br\/site\/wp-content\/uploads\/2013\/01\/pop3_mo2007_7.png\"\/><\/p>\n<p><img src=\"https:\/\/www.oxynet.com.br\/site\/wp-content\/themes\/oxynet\/images\/icons\/icon_check2.png\" class=\"check_icon\" \/> Clique no bot\u00e3o Avan\u00e7ar para finalizar a cria\u00e7\u00e3o de sua conta.<\/p>\n<p><img decoding=\"async\" src=\"http:\/\/www.oxynet.com.br\/site\/wp-content\/uploads\/2013\/01\/pop3_mo2007_8.png\"\/><\/p>\n<p><img src=\"https:\/\/www.oxynet.com.br\/site\/wp-content\/themes\/oxynet\/images\/icons\/icon_check2.png\" class=\"check_icon\" \/> Pronto! A sua conta j\u00e1 est\u00e1 configurada. Basta clicar no bot\u00e3o Concluir. <\/p>\n","protected":false},"excerpt":{"rendered":"<p>Clique em Ferramentas, depois em Configura\u00e7\u00f5es de Conta. Na guia Email, clique no bot\u00e3o Novo. Marque a op\u00e7\u00e3o Definir manualmente as configura\u00e7\u00f5es do servidor ou tipos de servidor adicionais e clique no bot\u00e3o Avan\u00e7ar. Selecione a op\u00e7\u00e3o Email da Internet e clique no bot\u00e3o Avan\u00e7ar. Preencha os campos: Nome: digite o seu nome. Endere\u00e7o de&#8230;&nbsp;<a href=\"https:\/\/www.oxynet.com.br\/site\/suporte\/perguntas-frequentes-f-a-q\/configuracao-do-microsoft-outlook-2007-pop3smtp\/\" class=\"link-more\">READ MORE<\/a><\/p>\n","protected":false},"author":1,"featured_media":0,"parent":385,"menu_order":0,"comment_status":"closed","ping_status":"open","template":"","meta":{"_mi_skip_tracking":false},"_links":{"self":[{"href":"https:\/\/www.oxynet.com.br\/site\/wp-json\/wp\/v2\/pages\/436"}],"collection":[{"href":"https:\/\/www.oxynet.com.br\/site\/wp-json\/wp\/v2\/pages"}],"about":[{"href":"https:\/\/www.oxynet.com.br\/site\/wp-json\/wp\/v2\/types\/page"}],"author":[{"embeddable":true,"href":"https:\/\/www.oxynet.com.br\/site\/wp-json\/wp\/v2\/users\/1"}],"replies":[{"embeddable":true,"href":"https:\/\/www.oxynet.com.br\/site\/wp-json\/wp\/v2\/comments?post=436"}],"version-history":[{"count":11,"href":"https:\/\/www.oxynet.com.br\/site\/wp-json\/wp\/v2\/pages\/436\/revisions"}],"predecessor-version":[{"id":623,"href":"https:\/\/www.oxynet.com.br\/site\/wp-json\/wp\/v2\/pages\/436\/revisions\/623"}],"up":[{"embeddable":true,"href":"https:\/\/www.oxynet.com.br\/site\/wp-json\/wp\/v2\/pages\/385"}],"wp:attachment":[{"href":"https:\/\/www.oxynet.com.br\/site\/wp-json\/wp\/v2\/media?parent=436"}],"curies":[{"name":"wp","href":"https:\/\/api.w.org\/{rel}","templated":true}]}}